hest common factor of 21212 and 6931021.
5303
What is the greatest common factor of 9728068 and 21756?
196
Calculate the greatest common divisor of 470328851 and 34.
17
Calculate the highest common factor of 891 and 1290267.
99
Calculate the highest common divisor of 31605 and 21985.
5
Calculate the greatest common factor of 1000597 and 17277515.
4051
Calculate the highest common divisor of 361 and 260262589.
361
Calculate the highest common factor of 48 and 39734628.
12
What is the greatest common divisor of 314746 and 51574?
482
Calculate the highest common divisor of 47415744 and 27.
9
What is the highest common divisor of 36 and 2293748?
4
What is the greatest common divisor of 117050 and 33850?
50
Calculate the highest common factor of 128253437 and 1339.
1339
What is the highest common divisor of 55543 and 1704882?
67
What is the highest common divisor of 378 and 153883758?
42
Calculate the greatest common divisor of 33396 and 75624.
276
What is the greatest common factor of 3564 and 12790467?
81
What is the highest common factor of 1288086310 and 20?
10
What is the highest common factor of 2043 and 734661?
9
What is the greatest common factor of 39 and 491298353?
13
What is the greatest common divisor of 64416 and 86196?
132
Calculate the greatest common divisor of 1653665 and 1183.
169
What is the greatest common divisor of 2005 and 374311445?
2005
What is the highest common divisor of 544733 and 74921?
49
What is the highest common factor of 925630 and 510?
10
Calculate the greatest common divisor of 35 and 63331891.
7
Calculate the greatest common factor of 5888190 and 1358.
14
Calculate the greatest common divisor of 23779 and 35468077.
3397
Calculate the highest common divisor of 4735005 and 16005.
165
What is the highest common divisor of 45889 and 227761?
421
Calculate the greatest common factor of 3160 and 544468.
316
What is the highest common factor of 36396 and 6231276?
108
Calculate the greatest common divisor of 2050 and 1397075.
1025
Calculate the highest common divisor of 17892 and 1972096.
1988
What is the greatest common divisor of 5885 and 53350?
55
Calculate the greatest common divisor of 627792 and 7921408.
5104
Calculate the highest common factor of 18370 and 270160.
110
What is the greatest common factor of 54950302 and 4988?
2494
Calculate the highest common factor of 52156 and 15077686.
1534
What is the highest common factor of 793633680 and 63?
63
Calculate the greatest common divisor of 320566 and 82.
2
What is the highest common divisor of 262881125 and 1625?
1625
What is the highest common divisor of 89724 and 12732?
12
Calculate the highest common divisor of 1224 and 29052796.
68
What is the greatest common divisor of 7881720 and 5775?
1155
What is the greatest common divisor of 2105500 and 2500?
500
What is the greatest common divisor of 630 and 86591610?
630
Calculate the highest common divisor of 49176 and 3456.
72
What is the highest common factor of 1499928 and 22128?
24
Calculate the greatest common divisor of 324268 and 940252.
1252
Calculate the greatest common factor of 56595 and 9485.
35
Calculate the greatest common factor of 315052 and 28756.
316
Calculate the highest common factor of 7883368 and 2072.
296
What is the greatest common divisor of 3 and 6350641?
1
What is the highest common divisor of 1674 and 3113826?
186
Calculate the highest common divisor of 168 and 729575.
7
What is the greatest common factor of 46 and 62074654?
46
What is the highest common divisor of 183617 and 3893?
17
What is the greatest common factor of 85 and 56654353?
17
Calculate the greatest common factor of 1705 and 6654615.
1705
Calculate the highest common divisor of 220722802 and 26238.
8746
Calculate the greatest common factor of 896772 and 16.
4
Calculate the greatest common divisor of 93268 and 634004.
28
What is the greatest common factor of 1120 and 30062480?
560
Calculate the greatest common divisor of 9306 and 451770.
66
Calculate the greatest common divisor of 44 and 38095167.
11
What is the greatest common factor of 3846 and 26996356?
1282
What is the greatest common factor of 2679 and 59672046?
2679
What is the greatest common divisor of 4304 and 49264?
16
What is the highest common divisor of 38 and 4943971?
19
Calculate the highest common factor of 8162 and 30802222.
1166
What is the highest common divisor of 21436399 and 205?
41
What is the greatest common factor of 72721 and 26602664?
6611
Calculate the highest common divisor of 760020 and 4028.
212
Calculate the highest common factor of 9105 and 20655.
15
What is the greatest common divisor of 251167875 and 1875?
375
Calculate the highest common divisor of 40 and 41654695.
5
Calculate the highest common divisor of 7899459 and 114.
57
What is the greatest common divisor of 1516942 and 12787?
673
What is the greatest common factor of 160369 and 47916?
11
What is the greatest common factor of 2176048 and 728?
56
What is the highest common divisor of 41762522 and 2362?
2362
What is the greatest common factor of 27 and 110317068?
9
What is the greatest common factor of 117603 and 201699?
657
Calculate the greatest common divisor of 841326 and 222.
6
Calculate the greatest common factor of 191815634 and 474.
158
What is the highest common factor of 50 and 390675350?
50
Calculate the greatest common factor of 128427002 and 3212.
1606
Calculate the greatest common factor of 1924 and 2930548.
148
What is the greatest common divisor of 260 and 898781?
13
Calculate the greatest common divisor of 276 and 275472.
12
What is the highest common factor of 8688 and 761136?
48
Calculate the highest common divisor of 16724093 and 431.
431
What is the greatest common factor of 45608756 and 36805?
7361
What is the highest common factor of 764502 and 2256?
282
Calculate the greatest common factor of 59080 and 123620.
140
Calculate the highest common factor of 20589640 and 40.
40
What is the highest common divisor of 33 and 107118671?
11
What is the greatest common factor of 58271454 and 42?
6
Calculate the highest common divisor of 2793 and 4174737.
399
What is the greatest common divisor of 242 and 1676869546?
242
What is the greatest common factor of 38026 and 121?
1
Calculate the greatest common factor of 228672139 and 201.
67
What is the highest common divisor of 4581 and 2238073?
509
Calculate the highest common factor of 7885358 and 78.
26
What is the highest common factor of 110 and 5849481?
11
What is the highest common divisor of 85284906 and 98?
14
What is the highest common factor of 56 and 96740884?
4
What is the highest common factor of 1305 and 93555?
45
Calculate the greatest common factor of 608 and 6142624.
608
Calculate the highest common factor of 31142349 and 2457.
63
Calculate the highest common divisor of 25 and 7056025.
25
Calculate the highest common divisor of 55995392 and 367.
367
What is the greatest common divisor of 1575 and 39165?
105
Calculate the greatest common divisor of 10765 and 3485707.
2153
What is the greatest common divisor of 440026503 and 21?
21
What is the greatest common divisor of 21249 and 554724?
9
Calculate the highest common factor of 22818368 and 992.
32
Calculate the highest common divisor of 26187855 and 2270.
1135
What is the greatest common divisor of 90792 and 3288168?
936
What is the greatest common factor of 3321 and 8005947?
123
What is the greatest common divisor of 109034547 and 2463?
2463
What is the highest common factor of 12396 and 7572?
12
Calculate the greatest common divisor of 1081106 and 253786.
1118
What is the greatest common factor of 606 and 2004?
6
What is the highest common divisor of 16002 and 2193163?
889
What is the highest common divisor of 63124 and 5452886?
734
What is the highest common divisor of 15 and 1003571460?
15
Calculate the greatest common divisor of 6309 and 1413462051.
6309
Calculate the greatest common factor of 7906 and 19966.
134
What is the greatest common factor of 9198 and 1675114?
14
Calculate the highest common factor of 385 and 1227872030.
385
What is the greatest common factor of 480 and 2611680?
480
Calculate the highest common factor of 546796 and 890216.
892
Calculate the greatest common factor of 4087 and 1378112.
61
What is the highest common factor of 1199 an